{"id":458,"date":"2016-03-21T22:40:00","date_gmt":"2016-03-21T21:40:00","guid":{"rendered":"https:\/\/marc-singer.de\/?page_id=458"},"modified":"2020-02-02T01:17:33","modified_gmt":"2020-02-02T00:17:33","slug":"info","status":"publish","type":"page","link":"https:\/\/www.marc-singer.de\/wpx\/info\/","title":{"rendered":"Info"},"content":{"rendered":"\n<h1 class=\"wp-block-heading\">Ausstattung<\/h1>\n\n\n\n<blockquote class=\"wp-block-quote is-layout-flow wp-block-quote-is-layout-flow\"><p>\u201eTeach Your Kids Photography\u2026 And they&#8217;ll never have enough money to buy drugs\u201c<\/p><\/blockquote>\n\n\n\n<p>F\u00fcr eine m\u00f6glichst professionelle Kameraausr\u00fcstung kann man ein Verm\u00f6gen ausgeben.&nbsp;Um das zu vermeiden,&nbsp;versuche ich mit meinem Equipment m\u00f6glichst breite Anwendungsgebiete abzudecken. Das spart zum einen Geld und zum anderen m\u00f6chte man das ganze Zeug ja sowieso nicht immer mitschleppen &#8211; und wenn man es daheim l\u00e4sst, hat man es bestimmt nicht dabei, wenn man es braucht.<\/p>\n\n\n\n<h2 class=\"wp-block-heading\">Kamera<\/h2>\n\n\n\n<ul class=\"wp-block-list\"><li><strong>Canon EOS 600 D<\/strong>&nbsp;\u2013 Kein High-Tech Body, aber bisher hat mich die Kamera auch bei&nbsp;auch bei K\u00e4lte, Feuchtigkeit oder nach&nbsp;einem Sturz aus 1m H\u00f6he auf harten Asphalt&nbsp;noch nie im Stich gelassen.<\/li><li><strong>Panasonic Lumix DMC-LX2<\/strong>&nbsp;\u2013 Mittlerweile fast 10 Jahre alt, ist die Kamera immer noch eine gute Alternative, wenn ich die DSLR nicht mitnehmen kann oder will. Lediglich bei wenig Umgebungslicht&nbsp;hat die Kamera Schw\u00e4chen; hier hat sich in den letzten Jahren wirklich einiges getan, jede bessere Smartphone-Kamera schl\u00e4gt die&nbsp;LX2 bei Nacht deutlich.<\/li><\/ul>\n\n\n\n<h2 class=\"wp-block-heading\">Objektive<\/h2>\n\n\n\n<ul class=\"wp-block-list\"><li><strong>Canon EF-S 17-55mm<\/strong>&nbsp;\u2013 f\u00fcr mich das perfekte \u201eImmer-Drauf\u201c: Lichtstarkes Objektiv, f\u00fcr meine Anspr\u00fcche&nbsp;hervorragende Abbildungsleistung, schneller Autofokus mit Ultraschallmotor. Ich w\u00fcrde dieses Objektiv, auch wenn es das teuerste in meiner Sammlung ist, jederzeit weiter empfehlen.<\/li><li><strong>Tamron AF 70-300mm<\/strong>&nbsp;\u2013&nbsp;Nachdem mein vorheriges&nbsp;Teleobjektiv, ein&nbsp;<strong>Canon EF-S 55-250mm<\/strong>, mittlerweile defekt ist, brauchte ich kurzfristig Ersatz. Von dem Tamron habe&nbsp;ich mir vor dem Kauf nicht viel erwartet, bin aber im Nachhinein sehr zufrieden mit der Abbildungsqualit\u00e4t. Lediglich die Verarbeitung k\u00f6nnte f\u00fcr meinen Geschmack etwas hochwertiger sein.<\/li><li><strong>Canon EF 28mm f\/1.8 USM<\/strong>&nbsp;\u2013 Gutes und lichtstarkes&nbsp;Festbrennweiten-Objektiv und meine erste etwas hochwertigere&nbsp;Linse (mit Ultraschallmotor und Metallgewinde).<\/li><li><strong>Canon EF 50mm f\/1.8 II<\/strong>&nbsp;\u2013 Gute Einsteiger-Festbrennweite, die ich aktuell mangels Eigenbedarf dauerverliehen habe.<\/li><\/ul>\n\n\n\n<h2 class=\"wp-block-heading\">Stativ<\/h2>\n\n\n\n<ul class=\"wp-block-list\"><li><strong>Manfrotto MKC3-P01<\/strong><\/li><\/ul>\n","protected":false},"excerpt":{"rendered":"<p>Ausstattung \u201eTeach Your Kids Photography\u2026 And they&#8217;ll never have enough money to buy drugs\u201c F\u00fcr eine m\u00f6glichst professionelle Kameraausr\u00fcstung kann man ein Verm\u00f6gen ausgeben.&nbsp;Um das zu vermeiden,&nbsp;versuche ich mit meinem Equipment m\u00f6glichst breite Anwendungsgebiete abzudecken. Das spart zum einen Geld und zum anderen m\u00f6chte man das ganze Zeug ja sowieso nicht immer mitschleppen &#8211; und [&hellip;]<\/p>\n","protected":false},"author":1,"featured_media":0,"parent":0,"menu_order":0,"comment_status":"closed","ping_status":"closed","template":"","meta":{"ngg_post_thumbnail":0,"footnotes":""},"class_list":["post-458","page","type-page","status-publish","hentry"],"_links":{"self":[{"href":"https:\/\/www.marc-singer.de\/wpx\/wp-json\/wp\/v2\/pages\/458","targetHints":{"allow":["GET"]}}],"collection":[{"href":"https:\/\/www.marc-singer.de\/wpx\/wp-json\/wp\/v2\/pages"}],"about":[{"href":"https:\/\/www.marc-singer.de\/wpx\/wp-json\/wp\/v2\/types\/page"}],"author":[{"embeddable":true,"href":"https:\/\/www.marc-singer.de\/wpx\/wp-json\/wp\/v2\/users\/1"}],"replies":[{"embeddable":true,"href":"https:\/\/www.marc-singer.de\/wpx\/wp-json\/wp\/v2\/comments?post=458"}],"version-history":[{"count":6,"href":"https:\/\/www.marc-singer.de\/wpx\/wp-json\/wp\/v2\/pages\/458\/revisions"}],"predecessor-version":[{"id":1522,"href":"https:\/\/www.marc-singer.de\/wpx\/wp-json\/wp\/v2\/pages\/458\/revisions\/1522"}],"wp:attachment":[{"href":"https:\/\/www.marc-singer.de\/wpx\/wp-json\/wp\/v2\/media?parent=458"}],"curies":[{"name":"wp","href":"https:\/\/api.w.org\/{rel}","templated":true}]}}